{"id":1575,"date":"2024-01-08T14:12:33","date_gmt":"2024-01-08T14:12:33","guid":{"rendered":"https:\/\/digit-up.eu\/?page_id=1575"},"modified":"2024-01-18T12:17:17","modified_gmt":"2024-01-18T12:17:17","slug":"comparacion-de-las-practicas-adoptadas-por-determinados-estados-europeos-para-alcanzar-el-objetivo-de-la-ue-de-una-tasa-de-digitalizacion-del-75-entre-las-pyme-para-2030","status":"publish","type":"page","link":"https:\/\/digit-up.eu\/index.php\/es\/comparacion-de-las-practicas-adoptadas-por-determinados-estados-europeos-para-alcanzar-el-objetivo-de-la-ue-de-una-tasa-de-digitalizacion-del-75-entre-las-pyme-para-2030\/","title":{"rendered":"Comparaci\u00f3n de las pr\u00e1cticas adoptadas por determinados Estados europeos para alcanzar el objetivo de la UE de una tasa de digitalizaci\u00f3n del 75% entre las PYME para 2030"},"content":{"rendered":"\t\t<div data-elementor-type=\"wp-page\" data-elementor-id=\"1575\" class=\"elementor elementor-1575\" data-elementor-settings=\"{&quot;ha_cmc_init_switcher&quot;:&quot;no&quot;}\">\n\t\t\t\t\t\t<section class=\"elementor-section elementor-top-section elementor-element elementor-element-df52254 elementor-section-boxed elementor-section-height-default elementor-section-height-default\" data-id=\"df52254\" data-element_type=\"section\" data-e-type=\"section\" data-settings=\"{&quot;background_background&quot;:&quot;classic&quot;,&quot;shape_divider_bottom&quot;:&quot;curve&quot;,&quot;shape_divider_bottom_negative&quot;:&quot;yes&quot;,&quot;_ha_eqh_enable&quot;:false}\">\n\t\t\t\t\t\t\t<div class=\"elementor-background-overlay\"><\/div>\n\t\t\t\t\t\t<div class=\"elementor-shape elementor-shape-bottom\" aria-hidden=\"true\" data-negative=\"true\">\n\t\t\t<svg xmlns=\"http:\/\/www.w3.org\/2000\/svg\" viewBox=\"0 0 1000 100\" preserveAspectRatio=\"none\">\n\t<path class=\"elementor-shape-fill\" d=\"M500,97C126.7,96.3,0.8,19.8,0,0v100l1000,0V1C1000,19.4,873.3,97.8,500,97z\"\/>\n<\/svg>\t\t<\/div>\n\t\t\t\t\t<div class=\"elementor-container elementor-column-gap-default\">\n\t\t\t\t\t<div class=\"elementor-column elementor-col-100 elementor-top-column elementor-element elementor-element-23143ed\" data-id=\"23143ed\" data-element_type=\"column\" data-e-type=\"column\">\n\t\t\t<div class=\"elementor-widget-wrap elementor-element-populated\">\n\t\t\t\t\t\t<div class=\"elementor-element elementor-element-502dc75 elementor-widget elementor-widget-spacer\" data-id=\"502dc75\" data-element_type=\"widget\" data-e-type=\"widget\" data-widget_type=\"spacer.default\">\n\t\t\t\t<div class=\"elementor-widget-container\">\n\t\t\t\t\t\t\t<div class=\"elementor-spacer\">\n\t\t\t<div class=\"elementor-spacer-inner\"><\/div>\n\t\t<\/div>\n\t\t\t\t\t\t<\/div>\n\t\t\t\t<\/div>\n\t\t\t\t<div class=\"elementor-element elementor-element-6446f22 elementor-widget elementor-widget-heading\" data-id=\"6446f22\" data-element_type=\"widget\" data-e-type=\"widget\" data-widget_type=\"heading.default\">\n\t\t\t\t<div class=\"elementor-widget-container\">\n\t\t\t\t\t<h2 class=\"elementor-heading-title elementor-size-default\">Comparaci\u00f3n de las pr\u00e1cticas adoptadas por determinados Estados europeos para alcanzar el objetivo de la UE de una tasa de digitalizaci\u00f3n del 75% entre las PYME para 2030<\/h2>\t\t\t\t<\/div>\n\t\t\t\t<\/div>\n\t\t\t\t<div class=\"elementor-element elementor-element-8b0b377 elementor-widget-divider--view-line elementor-widget elementor-widget-divider\" data-id=\"8b0b377\" data-element_type=\"widget\" data-e-type=\"widget\" data-widget_type=\"divider.default\">\n\t\t\t\t<div class=\"elementor-widget-container\">\n\t\t\t\t\t\t\t<div class=\"elementor-divider\">\n\t\t\t<span class=\"elementor-divider-separator\">\n\t\t\t\t\t\t<\/span>\n\t\t<\/div>\n\t\t\t\t\t\t<\/div>\n\t\t\t\t<\/div>\n\t\t\t\t<div class=\"elementor-element elementor-element-7359cb3 elementor-widget elementor-widget-spacer\" data-id=\"7359cb3\" data-element_type=\"widget\" data-e-type=\"widget\" data-widget_type=\"spacer.default\">\n\t\t\t\t<div class=\"elementor-widget-container\">\n\t\t\t\t\t\t\t<div class=\"elementor-spacer\">\n\t\t\t<div class=\"elementor-spacer-inner\"><\/div>\n\t\t<\/div>\n\t\t\t\t\t\t<\/div>\n\t\t\t\t<\/div>\n\t\t\t\t\t<\/div>\n\t\t<\/div>\n\t\t\t\t\t<\/div>\n\t\t<\/section>\n\t\t\t\t<section class=\"elementor-section elementor-top-section elementor-element elementor-element-e17004d elementor-section-boxed elementor-section-height-default elementor-section-height-default\" data-id=\"e17004d\" data-element_type=\"section\" data-e-type=\"section\" data-settings=\"{&quot;_ha_eqh_enable&quot;:false}\">\n\t\t\t\t\t\t<div class=\"elementor-container elementor-column-gap-default\">\n\t\t\t\t\t<div class=\"elementor-column elementor-col-100 elementor-top-column elementor-element elementor-element-1908a20\" data-id=\"1908a20\" data-element_type=\"column\" data-e-type=\"column\">\n\t\t\t<div class=\"elementor-widget-wrap elementor-element-populated\">\n\t\t\t\t\t\t<div class=\"elementor-element elementor-element-6a3e952 elementor-widget elementor-widget-spacer\" data-id=\"6a3e952\" data-element_type=\"widget\" data-e-type=\"widget\" data-widget_type=\"spacer.default\">\n\t\t\t\t<div class=\"elementor-widget-container\">\n\t\t\t\t\t\t\t<div class=\"elementor-spacer\">\n\t\t\t<div class=\"elementor-spacer-inner\"><\/div>\n\t\t<\/div>\n\t\t\t\t\t\t<\/div>\n\t\t\t\t<\/div>\n\t\t\t\t<div class=\"elementor-element elementor-element-020c94e elementor-widget elementor-widget-text-editor\" data-id=\"020c94e\" data-element_type=\"widget\" data-e-type=\"widget\" data-widget_type=\"text-editor.default\">\n\t\t\t\t<div class=\"elementor-widget-container\">\n\t\t\t\t\t\t\t\t\t<p><span style=\"font-weight: 400;\">En una era en la que la transformaci\u00f3n digital est\u00e1 remodelando las industrias y las econom\u00edas, las peque\u00f1as y medianas empresas (PYME) desempe\u00f1an un papel vital en el panorama econ\u00f3mico europeo. Reconociendo el potencial de la digitalizaci\u00f3n para impulsar el crecimiento y la competitividad, la Uni\u00f3n Europea (UE) se ha fijado el ambicioso objetivo de alcanzar una tasa de digitalizaci\u00f3n del 75% entre las PYME para 2030. En este art\u00edculo, exploraremos las mejores pr\u00e1cticas adoptadas por varios pa\u00edses europeos, con especial atenci\u00f3n a Italia, Espa\u00f1a, Grecia, Rep\u00fablica Checa, Chipre, Bulgaria y Noruega, para acelerar la digitalizaci\u00f3n de las pymes y contribuir a la visi\u00f3n de la UE.<\/span><\/p><p><b>Italia <\/b><span style=\"font-weight: 400;\">ha trabajado activamente en la transformaci\u00f3n digital, fomentando un ecosistema de innovaci\u00f3n y digitalizaci\u00f3n para sus pymes. El gobierno ha puesto en marcha iniciativas como &#8220;Impresa 4.0&#8221;, cuyo objetivo es promover la adopci\u00f3n de tecnolog\u00edas avanzadas como el Internet de las Cosas (IoT), la Inteligencia Artificial (IA) y la computaci\u00f3n en la nube.\u00a0<\/span><\/p><p><b>Espa\u00f1a <\/b><span style=\"font-weight: 400;\">ha adoptado la digitalizaci\u00f3n como prioridad estrat\u00e9gica, poniendo en marcha pol\u00edticas y programas para facilitar la transformaci\u00f3n digital de las pymes. El pa\u00eds ha puesto en marcha iniciativas como &#8220;Acelera Pymes&#8221; y &#8220;Next Tech Fund&#8221; para proporcionar financiaci\u00f3n y apoyo a las pymes en la adopci\u00f3n de tecnolog\u00edas digitales, la mejora de su presencia en l\u00ednea, y la mejora de sus habilidades digitales.\u00a0<\/span><\/p><p><b>Grecia <\/b><span style=\"font-weight: 400;\">reconoce la importancia de la digitalizaci\u00f3n para mejorar la competitividad de sus PYME. El pa\u00eds se ha centrado en crear un entorno propicio poniendo en marcha iniciativas como el programa &#8220;Grecia Digital&#8221; y la &#8220;Biblia de la Transformaci\u00f3n Digital 2021-2025.&#8221; Estos programas pretenden mejorar las competencias digitales, promover el emprendimiento digital y animar a las PYME a adoptar soluciones digitales.\u00a0<\/span><\/p><p><b>La Rep\u00fablica Checa <\/b><span style=\"font-weight: 400;\">ha dado pasos importantes en la digitalizaci\u00f3n de sus PYME, centr\u00e1ndose en reforzar sus capacidades digitales. El pa\u00eds ha creado la &#8220;Coalici\u00f3n Digital Nacional&#8221; para reunir a diversas partes interesadas y desarrollar una estrategia global de digitalizaci\u00f3n. El Gobierno tambi\u00e9n ha puesto en marcha programas como el &#8220;Plan de Recuperaci\u00f3n Nacional&#8221; y el &#8220;Apoyo Directo a la Digitalizaci\u00f3n&#8221; para ayudar a las PYME a adoptar tecnolog\u00edas emergentes, mejorar la ciberseguridad y aprovechar la anal\u00edtica de datos.<\/span><\/p><p><b>Chipre <\/b><span style=\"font-weight: 400;\">ha reconocido el potencial de la digitalizaci\u00f3n para impulsar su sector de PYME. El Gobierno ha puesto en marcha iniciativas como la &#8220;Estrategia Digital Nacional 2021-2027&#8243;, que promueve la transformaci\u00f3n digital de las empresas, mejora las competencias digitales y apoya la innovaci\u00f3n. Chipre tambi\u00e9n proporciona ayuda financiera a trav\u00e9s de programas como &#8221; The Sponsorship Scheme for the Digital Upgrade of Business &#8221; y &#8220;Startup Visa Scheme&#8221;, o &#8220;National Digitalization Funds&#8221; fomentando el emprendimiento y la innovaci\u00f3n.<\/span><\/p><p><b>Bulgaria <\/b><span style=\"font-weight: 400;\">ha promovido activamente la digitalizaci\u00f3n para mejorar la competitividad de sus PYME. El pa\u00eds ha establecido el &#8220;Programa Nacional de Desarrollo BULGARIA 2030&#8221; para acelerar la adopci\u00f3n de tecnolog\u00edas digitales entre las PYME. Bulgaria tambi\u00e9n ofrece incentivos financieros y subvenciones a trav\u00e9s de programas como el &#8220;Innovative Enterprise&#8221; &#8221; para apoyar proyectos digitales y fomentar la innovaci\u00f3n.\u00a0<\/span><\/p><p><b>Noruega<\/b><span style=\"font-weight: 400;\"> ha sido pionera en la digitalizaci\u00f3n, creando un entorno propicio para que las PYME prosperen en la econom\u00eda digital. El pa\u00eds ha creado el &#8220;Programa de Digitalizaci\u00f3n para Empresas&#8221; para ayudar a las PYME a adoptar soluciones digitales, mejorar sus competencias digitales y explorar nuevos modelos de negocio. Noruega tambi\u00e9n ofrece oportunidades de financiaci\u00f3n a trav\u00e9s de programas como &#8220;Innovasjon Norge&#8221; que permiten a las PYME innovar y aprovechar.<\/span><\/p><p><span style=\"font-weight: 400;\">Al comparar las mejores pr\u00e1cticas de digitalizaci\u00f3n entre los pa\u00edses europeos seleccionados, surgen algunos puntos en com\u00fan y algunas diferencias. Todos los pa\u00edses han reconocido la importancia de la digitalizaci\u00f3n para mejorar la competitividad de las PYME y han puesto en marcha estrategias e iniciativas para facilitar la adopci\u00f3n de tecnolog\u00edas digitales. El apoyo financiero, como subvenciones y programas de financiaci\u00f3n, prevalece en la mayor\u00eda de los pa\u00edses, con el objetivo de aliviar la carga financiera asociada a la transformaci\u00f3n digital. Adem\u00e1s, la creaci\u00f3n de centros o redes de innovaci\u00f3n digital constituye un valioso recurso para las PYME que buscan orientaci\u00f3n y apoyo a lo largo de su viaje digital.<\/span><\/p><p><span style=\"font-weight: 400;\">Aunque los enfoques son similares, existen notables diferencias en cuanto a \u00e9nfasis y enfoque. Italia, Espa\u00f1a y Grecia, por ejemplo, hacen especial hincapi\u00e9 en mejorar las competencias digitales y en ofrecer programas de formaci\u00f3n para dotar a las PYME de los conocimientos necesarios para aprovechar eficazmente las tecnolog\u00edas digitales. Espa\u00f1a destaca por su colaboraci\u00f3n entre PYME y startups, fomentando una cultura de innovaci\u00f3n y emprendimiento. La Rep\u00fablica Checa y Chipre dan prioridad a las medidas de ciberseguridad y al an\u00e1lisis de datos, reconociendo su importancia para proteger a las PYME y aprovechar conocimientos valiosos. Bulgaria se centra en fomentar la innovaci\u00f3n y ofrece subvenciones para apoyar proyectos digitales. Noruega, conocida por su avanzada infraestructura digital, hace especial hincapi\u00e9 en explorar nuevos modelos de negocio e impulsar la innovaci\u00f3n en las PYME.<\/span><\/p><p><span style=\"font-weight: 400;\">Aprovechando las mejores pr\u00e1cticas observadas en pa\u00edses como Italia, Espa\u00f1a, Grecia, Rep\u00fablica Checa, Chipre, Bulgaria y Noruega, otras naciones europeas pueden desarrollar estrategias a medida para mejorar los \u00edndices de digitalizaci\u00f3n de sus PYME. En \u00faltima instancia, la consecuci\u00f3n del ambicioso objetivo de digitalizaci\u00f3n de la UE contribuir\u00e1 al crecimiento, la innovaci\u00f3n y la sostenibilidad a largo plazo de las PYME en Europa, reforzando su posici\u00f3n en la econom\u00eda digital mundial.<\/span><\/p><p>\u00a0<\/p><p><span style=\"font-weight: 400;\">Escrito por: Synthesis Centre for Research and Education,<\/span><\/p><p><span style=\"font-weight: 400;\">Junio, 2023<\/span><\/p>\t\t\t\t\t\t\t\t<\/div>\n\t\t\t\t<\/div>\n\t\t\t\t<div class=\"elementor-element elementor-element-e2e6c51 elementor-widget elementor-widget-spacer\" data-id=\"e2e6c51\" data-element_type=\"widget\" data-e-type=\"widget\" data-widget_type=\"spacer.default\">\n\t\t\t\t<div class=\"elementor-widget-container\">\n\t\t\t\t\t\t\t<div class=\"elementor-spacer\">\n\t\t\t<div class=\"elementor-spacer-inner\"><\/div>\n\t\t<\/div>\n\t\t\t\t\t\t<\/div>\n\t\t\t\t<\/div>\n\t\t\t\t\t<\/div>\n\t\t<\/div>\n\t\t\t\t\t<\/div>\n\t\t<\/section>\n\t\t\t\t<section class=\"elementor-section elementor-top-section elementor-element elementor-element-707a37e elementor-section-boxed elementor-section-height-default elementor-section-height-default\" data-id=\"707a37e\" data-element_type=\"section\" data-e-type=\"section\" data-settings=\"{&quot;_ha_eqh_enable&quot;:false}\">\n\t\t\t\t\t\t<div class=\"elementor-container elementor-column-gap-default\">\n\t\t\t\t\t<div class=\"elementor-column elementor-col-33 elementor-top-column elementor-element elementor-element-ce7d45b\" data-id=\"ce7d45b\" data-element_type=\"column\" data-e-type=\"column\">\n\t\t\t<div class=\"elementor-widget-wrap elementor-element-populated\">\n\t\t\t\t\t\t<div class=\"elementor-element elementor-element-8272d67 elementor-widget elementor-widget-spacer\" data-id=\"8272d67\" data-element_type=\"widget\" data-e-type=\"widget\" data-widget_type=\"spacer.default\">\n\t\t\t\t<div class=\"elementor-widget-container\">\n\t\t\t\t\t\t\t<div class=\"elementor-spacer\">\n\t\t\t<div class=\"elementor-spacer-inner\"><\/div>\n\t\t<\/div>\n\t\t\t\t\t\t<\/div>\n\t\t\t\t<\/div>\n\t\t\t\t<div class=\"elementor-element elementor-element-9a236ba elementor-widget elementor-widget-image\" data-id=\"9a236ba\" data-element_type=\"widget\" data-e-type=\"widget\" data-widget_type=\"image.default\">\n\t\t\t\t<div class=\"elementor-widget-container\">\n\t\t\t\t\t\t\t\t\t\t\t\t\t\t\t<img decoding=\"async\" width=\"300\" height=\"63\" src=\"https:\/\/digit-up.eu\/wp-content\/uploads\/2023\/01\/EN-Co-funded-by-the-EU_PANTONE-1-300x63.jpg\" class=\"attachment-medium size-medium wp-image-132\" alt=\"\" srcset=\"https:\/\/digit-up.eu\/wp-content\/uploads\/2023\/01\/EN-Co-funded-by-the-EU_PANTONE-1-300x63.jpg 300w, https:\/\/digit-up.eu\/wp-content\/uploads\/2023\/01\/EN-Co-funded-by-the-EU_PANTONE-1-1024x215.jpg 1024w, https:\/\/digit-up.eu\/wp-content\/uploads\/2023\/01\/EN-Co-funded-by-the-EU_PANTONE-1-768x161.jpg 768w, https:\/\/digit-up.eu\/wp-content\/uploads\/2023\/01\/EN-Co-funded-by-the-EU_PANTONE-1-1536x322.jpg 1536w, https:\/\/digit-up.eu\/wp-content\/uploads\/2023\/01\/EN-Co-funded-by-the-EU_PANTONE-1-2048x430.jpg 2048w, https:\/\/digit-up.eu\/wp-content\/uploads\/2023\/01\/EN-Co-funded-by-the-EU_PANTONE-1-720x151.jpg 720w\" sizes=\"(max-width: 300px) 100vw, 300px\" \/>\t\t\t\t\t\t\t\t\t\t\t\t\t\t\t<\/div>\n\t\t\t\t<\/div>\n\t\t\t\t<div class=\"elementor-element elementor-element-615b1cb elementor-widget elementor-widget-text-editor\" data-id=\"615b1cb\" data-element_type=\"widget\" data-e-type=\"widget\" data-widget_type=\"text-editor.default\">\n\t\t\t\t<div class=\"elementor-widget-container\">\n\t\t\t\t\t\t\t\t\t<p>Financiado por la Uni\u00f3n Europea. Las opiniones y puntos de vista expresados solo comprometen a su(s) autor(es) y no reflejan necesariamente los de la Uni\u00f3n Europea o los de la Agencia Ejecutiva Europea de Educaci\u00f3n y Cultura (EACEA). Ni la Uni\u00f3n Europea ni la EACEA pueden ser considerados responsables de ellos. 2022-1-CZ01-KA220-VET- 000086461<\/p>\t\t\t\t\t\t\t\t<\/div>\n\t\t\t\t<\/div>\n\t\t\t\t\t<\/div>\n\t\t<\/div>\n\t\t\t\t<div class=\"elementor-column elementor-col-33 elementor-top-column elementor-element elementor-element-88bfad5\" data-id=\"88bfad5\" data-element_type=\"column\" data-e-type=\"column\">\n\t\t\t<div class=\"elementor-widget-wrap\">\n\t\t\t\t\t\t\t<\/div>\n\t\t<\/div>\n\t\t\t\t<div class=\"elementor-column elementor-col-33 elementor-top-column elementor-element elementor-element-6ecb46b\" data-id=\"6ecb46b\" data-element_type=\"column\" data-e-type=\"column\">\n\t\t\t<div class=\"elementor-widget-wrap elementor-element-populated\">\n\t\t\t\t\t\t<div class=\"elementor-element elementor-element-00ca955 elementor-widget elementor-widget-spacer\" data-id=\"00ca955\" data-element_type=\"widget\" data-e-type=\"widget\" data-widget_type=\"spacer.default\">\n\t\t\t\t<div class=\"elementor-widget-container\">\n\t\t\t\t\t\t\t<div class=\"elementor-spacer\">\n\t\t\t<div class=\"elementor-spacer-inner\"><\/div>\n\t\t<\/div>\n\t\t\t\t\t\t<\/div>\n\t\t\t\t<\/div>\n\t\t\t\t<div class=\"elementor-element elementor-element-8947a28 elementor-widget elementor-widget-image\" data-id=\"8947a28\" data-element_type=\"widget\" data-e-type=\"widget\" data-widget_type=\"image.default\">\n\t\t\t\t<div class=\"elementor-widget-container\">\n\t\t\t\t\t\t\t\t\t\t\t\t\t\t\t<img decoding=\"async\" width=\"150\" height=\"150\" src=\"https:\/\/digit-up.eu\/wp-content\/uploads\/2023\/01\/LOGO-NO-BG-150x150.png\" class=\"attachment-thumbnail size-thumbnail wp-image-133\" alt=\"\" srcset=\"https:\/\/digit-up.eu\/wp-content\/uploads\/2023\/01\/LOGO-NO-BG-150x150.png 150w, https:\/\/digit-up.eu\/wp-content\/uploads\/2023\/01\/LOGO-NO-BG-300x300.png 300w, https:\/\/digit-up.eu\/wp-content\/uploads\/2023\/01\/LOGO-NO-BG-1024x1024.png 1024w, https:\/\/digit-up.eu\/wp-content\/uploads\/2023\/01\/LOGO-NO-BG-768x768.png 768w, https:\/\/digit-up.eu\/wp-content\/uploads\/2023\/01\/LOGO-NO-BG-720x720.png 720w, https:\/\/digit-up.eu\/wp-content\/uploads\/2023\/01\/LOGO-NO-BG-360x360.png 360w, https:\/\/digit-up.eu\/wp-content\/uploads\/2023\/01\/LOGO-NO-BG.png 1280w\" sizes=\"(max-width: 150px) 100vw, 150px\" \/>\t\t\t\t\t\t\t\t\t\t\t\t\t\t\t<\/div>\n\t\t\t\t<\/div>\n\t\t\t\t<div class=\"elementor-element elementor-element-554eb3b elementor-shape-circle e-grid-align-right elementor-grid-0 elementor-widget elementor-widget-social-icons\" data-id=\"554eb3b\" data-element_type=\"widget\" data-e-type=\"widget\" data-widget_type=\"social-icons.default\">\n\t\t\t\t<div class=\"elementor-widget-container\">\n\t\t\t\t\t\t\t<div class=\"elementor-social-icons-wrapper elementor-grid\" role=\"list\">\n\t\t\t\t\t\t\t<span class=\"elementor-grid-item\" role=\"listitem\">\n\t\t\t\t\t<a class=\"elementor-icon elementor-social-icon elementor-social-icon-facebook elementor-repeater-item-cd8515c\" href=\"https:\/\/www.facebook.com\/digitupproject\/\" target=\"_blank\">\n\t\t\t\t\t\t<span class=\"elementor-screen-only\">Facebook<\/span>\n\t\t\t\t\t\t<i aria-hidden=\"true\" class=\"fab fa-facebook\"><\/i>\t\t\t\t\t<\/a>\n\t\t\t\t<\/span>\n\t\t\t\t\t\t\t<span class=\"elementor-grid-item\" role=\"listitem\">\n\t\t\t\t\t<a class=\"elementor-icon elementor-social-icon elementor-social-icon-instagram elementor-repeater-item-f68a4e0\" href=\"https:\/\/www.instagram.com\/digitup_project\/\" target=\"_blank\">\n\t\t\t\t\t\t<span class=\"elementor-screen-only\">Instagram<\/span>\n\t\t\t\t\t\t<i aria-hidden=\"true\" class=\"fab fa-instagram\"><\/i>\t\t\t\t\t<\/a>\n\t\t\t\t<\/span>\n\t\t\t\t\t\t\t<span class=\"elementor-grid-item\" role=\"listitem\">\n\t\t\t\t\t<a class=\"elementor-icon elementor-social-icon elementor-social-icon-linkedin elementor-repeater-item-01b31e7\" href=\"https:\/\/www.linkedin.com\/company\/digit-up\/\" target=\"_blank\">\n\t\t\t\t\t\t<span class=\"elementor-screen-only\">Linkedin<\/span>\n\t\t\t\t\t\t<i aria-hidden=\"true\" class=\"fab fa-linkedin\"><\/i>\t\t\t\t\t<\/a>\n\t\t\t\t<\/span>\n\t\t\t\t\t<\/div>\n\t\t\t\t\t\t<\/div>\n\t\t\t\t<\/div>\n\t\t\t\t\t<\/div>\n\t\t<\/div>\n\t\t\t\t\t<\/div>\n\t\t<\/section>\n\t\t\t\t<section class=\"elementor-section elementor-top-section elementor-element elementor-element-2e0b644 elementor-section-boxed elementor-section-height-default elementor-section-height-default\" data-id=\"2e0b644\" data-element_type=\"section\" data-e-type=\"section\" data-settings=\"{&quot;_ha_eqh_enable&quot;:false}\">\n\t\t\t\t\t\t<div class=\"elementor-container elementor-column-gap-default\">\n\t\t\t\t\t<div class=\"elementor-column elementor-col-100 elementor-top-column elementor-element elementor-element-da86eaf\" data-id=\"da86eaf\" data-element_type=\"column\" data-e-type=\"column\">\n\t\t\t<div class=\"elementor-widget-wrap elementor-element-populated\">\n\t\t\t\t\t\t<div class=\"elementor-element elementor-element-b28f5c8 elementor-widget-divider--view-line elementor-widget elementor-widget-divider\" data-id=\"b28f5c8\" data-element_type=\"widget\" data-e-type=\"widget\" data-widget_type=\"divider.default\">\n\t\t\t\t<div class=\"elementor-widget-container\">\n\t\t\t\t\t\t\t<div class=\"elementor-divider\">\n\t\t\t<span class=\"elementor-divider-separator\">\n\t\t\t\t\t\t<\/span>\n\t\t<\/div>\n\t\t\t\t\t\t<\/div>\n\t\t\t\t<\/div>\n\t\t\t\t\t<\/div>\n\t\t<\/div>\n\t\t\t\t\t<\/div>\n\t\t<\/section>\n\t\t\t\t<section class=\"elementor-section elementor-top-section elementor-element elementor-element-6fd0f7a elementor-section-boxed elementor-section-height-default elementor-section-height-default\" data-id=\"6fd0f7a\" data-element_type=\"section\" data-e-type=\"section\" data-settings=\"{&quot;_ha_eqh_enable&quot;:false}\">\n\t\t\t\t\t\t<div class=\"elementor-container elementor-column-gap-default\">\n\t\t\t\t\t<div class=\"elementor-column elementor-col-33 elementor-top-column elementor-element elementor-element-aca2499\" data-id=\"aca2499\" data-element_type=\"column\" data-e-type=\"column\">\n\t\t\t<div class=\"elementor-widget-wrap elementor-element-populated\">\n\t\t\t\t\t\t<div class=\"elementor-element elementor-element-983346b elementor-widget elementor-widget-text-editor\" data-id=\"983346b\" data-element_type=\"widget\" data-e-type=\"widget\" data-widget_type=\"text-editor.default\">\n\t\t\t\t<div class=\"elementor-widget-container\">\n\t\t\t\t\t\t\t\t\t<p>Copyright \u00a9 2023 Digital Upgrade Skilling. All Rights Reserved<\/p>\t\t\t\t\t\t\t\t<\/div>\n\t\t\t\t<\/div>\n\t\t\t\t\t<\/div>\n\t\t<\/div>\n\t\t\t\t<div class=\"elementor-column elementor-col-33 elementor-top-column elementor-element elementor-element-2f22663\" data-id=\"2f22663\" data-element_type=\"column\" data-e-type=\"column\">\n\t\t\t<div class=\"elementor-widget-wrap elementor-element-populated\">\n\t\t\t\t\t\t<div class=\"elementor-element elementor-element-3756dd0 elementor-widget elementor-widget-text-editor\" data-id=\"3756dd0\" data-element_type=\"widget\" data-e-type=\"widget\" data-widget_type=\"text-editor.default\">\n\t\t\t\t<div class=\"elementor-widget-container\">\n\t\t\t\t\t\t\t\t\t<a style=\"color: black;\" href=\"https:\/\/digit-up.eu\/index.php\/terms-of-use\/\" target=\"_blank\" rel=\"noopener\">Terms of Use<\/a>\t\t\t\t\t\t\t\t<\/div>\n\t\t\t\t<\/div>\n\t\t\t\t\t<\/div>\n\t\t<\/div>\n\t\t\t\t<div class=\"elementor-column elementor-col-33 elementor-top-column elementor-element elementor-element-f99cb9c\" data-id=\"f99cb9c\" data-element_type=\"column\" data-e-type=\"column\">\n\t\t\t<div class=\"elementor-widget-wrap elementor-element-populated\">\n\t\t\t\t\t\t<div class=\"elementor-element elementor-element-f9099a6 elementor-widget elementor-widget-text-editor\" data-id=\"f9099a6\" data-element_type=\"widget\" data-e-type=\"widget\" data-widget_type=\"text-editor.default\">\n\t\t\t\t<div class=\"elementor-widget-container\">\n\t\t\t\t\t\t\t\t\t<span style=\"color: #797979; text-align: left;\">Powered by\u00a0<\/span><a style=\"color: #797979; text-align: right;\" href=\"https:\/\/innovationhive.eu\/\" target=\"_blank\" rel=\"noopener\">Innovation Hive<\/a>\t\t\t\t\t\t\t\t<\/div>\n\t\t\t\t<\/div>\n\t\t\t\t\t<\/div>\n\t\t<\/div>\n\t\t\t\t\t<\/div>\n\t\t<\/section>\n\t\t\t\t<\/div>\n\t\t","protected":false},"excerpt":{"rendered":"<p>Comparaci\u00f3n de las pr\u00e1cticas adoptadas por determinados Estados europeos para alcanzar el objetivo de la UE de una tasa de [&hellip;]<\/p>\n","protected":false},"author":1,"featured_media":0,"parent":0,"menu_order":0,"comment_status":"closed","ping_status":"closed","template":"page-templates\/template_page-builder.php","meta":{"_eb_attr":"","_monsterinsights_skip_tracking":false,"_monsterinsights_sitenote_active":false,"_monsterinsights_sitenote_note":"","_monsterinsights_sitenote_category":0,"footnotes":""},"class_list":["post-1575","page","type-page","status-publish","hentry"],"aioseo_notices":[],"_links":{"self":[{"href":"https:\/\/digit-up.eu\/index.php\/wp-json\/wp\/v2\/pages\/1575","targetHints":{"allow":["GET"]}}],"collection":[{"href":"https:\/\/digit-up.eu\/index.php\/wp-json\/wp\/v2\/pages"}],"about":[{"href":"https:\/\/digit-up.eu\/index.php\/wp-json\/wp\/v2\/types\/page"}],"author":[{"embeddable":true,"href":"https:\/\/digit-up.eu\/index.php\/wp-json\/wp\/v2\/users\/1"}],"replies":[{"embeddable":true,"href":"https:\/\/digit-up.eu\/index.php\/wp-json\/wp\/v2\/comments?post=1575"}],"version-history":[{"count":7,"href":"https:\/\/digit-up.eu\/index.php\/wp-json\/wp\/v2\/pages\/1575\/revisions"}],"predecessor-version":[{"id":1883,"href":"https:\/\/digit-up.eu\/index.php\/wp-json\/wp\/v2\/pages\/1575\/revisions\/1883"}],"wp:attachment":[{"href":"https:\/\/digit-up.eu\/index.php\/wp-json\/wp\/v2\/media?parent=1575"}],"curies":[{"name":"wp","href":"https:\/\/api.w.org\/{rel}","templated":true}]}}